(g).
-8
Let h(d) = -49*d - 3142. Let c be h(-64). Let b(u) = 12*u + 74. Determine b(c).
2
Let t(w) = 2*w**2 + 14*w + 14. Let a = -6469 - -6464. Give t(a).
-6
Suppose 96 = -5*m - 4. Let f = 13 + m. Let b(u) = -8128*u**2 - u**3 - 7*u + 8120*u**2 - 9 + 11. Calculate b(f).
2
Suppose 5*j = 3*q - 25, 2*q + 3*j + 15 = -0*q. Let z(h) = 13 + 9 - 2*h + q*h - 15. Let t(o) = o**3 - 3*o**2 + 2*o - 1. Let a be t(3). Give z(a).
-3
Let s(r) = r + 33. Suppose 5*w = 5*j + 105, 81 - 99 = -w + 4*j. Determine s(w).
55
Let h = 126 + -101. Let i(t) = -t**2 + 21*t + 102. Let p be i(h). Let d(c) = -c**2 + c. Determine d(p).
-2
Let a = -8651 - -8646. Let c(o) = o**2 + 7*o + 15. Give c(a).
5
Let w(s) = 6*s - 2. Let z(n) = -45*n + 13. Let i(c) = -6*w(c) - z(c). Determine i(3).
26
Let b(o) = -o**3 - o - 1. Let t be b(0). Let p(u) = -11*u - 19*u + 2 - 17*u + 58*u. Calculate p(t).
-9
Let q(t) be the first derivative of 5*t**2 - 88*t - 342. Determine q(8).
-8
Let f(j) = 9421*j + 9417*j - 11 - 11*j**2 - 18837*j - j**3. Give f(-11).
-22
Suppose j - 124 = -4*j - 3*r, -3*r - 84 = -3*j. Let v = -193 + 198. Suppose v*g - 4*z = -47, 0*z - 3*z - j = 5*g. Let d(m) = -m**2 - 6*m - 6. Calculate d(g).
-13
Let z(f) = -f**3 + 6*f**2 - 4. Suppose -3*t = 4*x - 170, 2*x + 20 - 94 = 4*t. Let j = -41 + x. Suppose j = 3*y + 2*y - 30. What is z(y)?
-4
Let j = -19193 + 19195. Let m(d) be the first derivative of d**2 - 2*d - 1. Calculate m(j).
2
Let x = 19 - 22. Let t(b) be the third derivative of 1/6*b**3 + 1/8*b**4 + 0 + 0*b - 4*b**2 + 1/60*b**5. What is t(x)?
1
Let c(l) = 24*l - 283. Suppose -524 + 407 = 373*y - 4593. Calculate c(y).
5
Let i(y) = 3*y**3 + 4*y**2 - 8*y + 10. Let h(d) = -16*d**3 - 21*d**2 + 40*d - 67. Let o(r) = 2*h(r) + 11*i(r). Calculate o(-3).
-9
Suppose -3*f - w = 3, 243*f - 245*f + 3*w = -20. Let z(h) = 66*h. Calculate z(f).
66
Suppose -3*u - 28 = -28. Suppose -7*q = -14 - u. Let f(w) = -76 + w + 95 - q*w + 0*w. Give f(8).
11
Let z(y) = -3*y - 38. Let p(r) = r**3 - 27*r**2 - 29*r + 17. Let n be p(28). Let t be z(n). Let w(g) = 2*g + 8. Give w(t).
-2
Suppose 3*w - 6*d + 2*d = 36, 0 = -5*w - d + 37. Let o be w/(-12)*(-21)/2. Let g be o/14*(-28)/(-2). Let t(f) = f**3 - 7*f**2 - f + 2. Give t(g).
-5
Let o(w) = 10*w**2 - 25*w + 18. Let m(v) = -2*v**2 + 4*v - 1. Let j(s) = 4*m(s) + o(s). Calculate j(3).
5
Let x(j) = -j - 9. Let i(p) = 2. Suppose 6*w - 6 + 0 = 0. Let m(b) = w*x(b) + 6*i(b). What is m(9)?
-6
Let w(i) = -i + 2. Let z = -210 - -207. Let s be (z/(-2))/((-21)/(-42)). Give w(s).
-1
Let p(c) be the first derivative of 7/2*c**2 - 1/3*c**3 - 655 - 5*c. Suppose -2*l = 4*q - 18, 3*l - 5 = 2*q + 6. Give p(l).
5
Let o be (-627)/(-231) - 3/(84/(-8)). Let m(p) = p**3 + p - 4. What is m(o)?
26
Let g(u) = -u**3 + 3*u**2 + 4*u - 13. Let n be ((-210)/20 - -9)*(-16)/6. Determine g(n).
-13
Let u(c) = -c**3 - 4*c**2 + 6*c + 12. Let k = 70 + -66. Suppose -v = 2*w - k*w - 7, 0 = -w - v - 8. Determine u(w).
7
Let l(b) = -3*b**2 + 4*b + 1. Let s(y) = 300 - 5*y - 300 + 3*y**2 + y**2. Let m(p) = -3*l(p) - 2*s(p). Determine m(4).
5
Let l = 45 - 92. Let n = 51 + l. Suppose -3*d + d + 5 = -5*w, -n*d + 5 = -5*w. Let o(s) = -10*s**2 + 1. Determine o(w).
-9
Let t(k) = -2*k**2 + 103*k + 820. Let i be t(-7). Let v(p) = 54*p + 5. Determine v(i).
59
Let v(r) = r**3 + r**2. Let b = -1190 + 1724. Let l = -536 + b. Determine v(l).
-4
Let c(a) be the second derivative of a**5/60 + a**4/4 - 3*a**3/2 - 151*a**2 - 166*a. Let h(j) be the first derivative of c(j). What is h(-7)?
-2
Let p(z) be the first derivative of 1/20*z**5 + 25 + 0*z**4 + 1/120*z**6 + 0*z**3 + 1/2*z**2 + 0*z. Let a(w) be the second derivative of p(w). Give a(-3).
0
Let g(a) = -a**3 - a**2 + a - 15. Let n(k) = 5 - 22*k**2 + 4*k**3 - 27 - k - 18*k**3 + 13*k**3. Let d be n(-22). What is g(d)?
-15
Let b be 178 + -185 + 4 + 12. Let s(g) = -9*g**2 + 21*g + 17. Let c(l) = -4*l**2 + 10*l + 9. Let f(x) = -7*c(x) + 3*s(x). Calculate f(b).
6
Let f(o) = o**2 + 11*o + 3. Suppose 0 = 5*v - 4*b + 39, -12 = 301*b - 298*b. Give f(v).
3
Let x(h) = 81*h + 1080. Let w(u) = 12*u + 153. Let n(y) = 15*w(y) - 2*x(y). What is n(-7)?
9
Suppose c + 8 = 2*c. Let k be c - 5*8/20. Let n(g) = 12*g. Let d(u) = -7*u - 1. Let a(v) = -5*d(v) - 3*n(v). Calculate a(k).
-1
Let x(w) = -w**2 - 44*w - 42. Suppose -4*i - 157 = 3*n, 3*n = 2*i - 148 + 33. Calculate x(n).
1
Suppose 3*n - 70*k - 52 = -68*k, 2*n = 5*k + 31. Let s(f) = 6*f**2 - 17*f - 19. Let p(j) = 7*j**2 - 17*j - 18. Let b(l) = 5*p(l) - 6*s(l). Determine b(n).
6
Let t(d) = d**2 - d. Let l(g) = 7*g**2 - 18*g + 15. Let c(r) = -l(r) + 6*t(r). Determine c(2).
5
Let b(w) = -63 - 7872*w + 382 + 7839*w. Calculate b(10).
-11
Let c(t) = 2*t - 3. Suppose 7*x - 21 = -0*x. Suppose -g + 10 = -2*d, -2*g - 2*d = -0*d + 10. Suppose 3*a - 18 = 5*w, -x*w = -g*w. Give c(a).
9
Let s(c) be the third derivative of c**8/6720 - c**6/720 + c**5/30 - 173*c**4/24 + 62*c**2. Let k(q) be the second derivative of s(q). Calculate k(0).
4
Let w = 1226 - 1242. Let t(m) = -12 + 8*m**2 + m**3 - m + 8*m**2 + 0*m**3. Let y be t(w). Let n(p) = -p**2 + p + 3. Calculate n(y).
-9
Let u(z) = 15*z**2 - 14*z**2 - z - z + z - 4*z**3 + 1. Let n be u(1). Let j be -1 - 4/12*(0 - n). Let l(a) = a**2 - 2*a - 3. Calculate l(j).
5
Let l(t) = -t**3 - 10*t**2 + 55*t. Let d(j) = -87*j - 1841. Let g be d(-21). Give l(g).
14
Let i(n) be the first derivative of n**3/3 - n**2/2 - 143*n + 6251. What is i(13)?
13
Let y(g) = -g**3 - 10*g**2 - 6*g + 2. Let j(a) = 3*a**2 - 31*a + 1. Let h be j(10). Determine y(h).
-25
Suppose 28*i = 21*i - 14. Let r(p) be the first derivative of -3 + p - 1/2*p**2. Calculate r(i).
3
Let v(i) = 11*i**2 + 27*i + 47. Let l(t) = -5*t**2 - 13*t - 22. Let o(r) = -13*l(r) - 6*v(r). Let s be 25/3 - (-4)/(-12). What is o(s)?
-4
Let u(w) = -w**2 + 2*w - 2. Let s be -3 + (1 - 3) - (-267)/(-3). Let b = -97 - s. What is u(b)?
-17
Let k(m) = 9*m - 39. Let a be (2/7 - 195/(-420))*(-20)/(-3). Determine k(a).
6
Let g(x) be the second derivative of 2*x**3/3 + 59*x**2/2 + 794*x. What is g(-14)?
3
Let u(j) = 12*j**2 - 6*j - 7*j**2 - 4*j - 7*j + 54 - 4*j**2. Give u(4).
2
Let o(u) = 34 - 9 - 13 - 18 + 376*u - 372*u. Give o(5).
14
Let o(m) = -m**3 + 2*m**2 + 3*m + 1. Let c(a) = a**2 - 2*a - 7. Let h be c(-6). Let p = h - 43. Calculate o(p).
11
Let m(r) = 33*r - 16*r - 232 - 49*r - 45*r. Determine m(-3).
-1
Suppose 12*n - 16 - 8 = 0. Let b(h) = -h**2 + 3*h + 336 + 0*h**n - 334. What is b(3)?
2
Let j(w) = -1592*w + 6349*w + 1 - 1583*w - 1586*w - 1586*w. Suppose -3*a = 21 + 3. Determine j(a).
-15
Let i(j) = 4*j + 6 + j**2 - j**3 + 8*j**2 + 0*j**2 + 9*j - 23*j. Give i(8).
-10
Let r(j) = -2*j**3 - 41*j**2 - 22*j - 41. Let y(a) = 654*a - 3290. Let g be y(5). Calculate r(g).
-1
Let i(r) = 4*r**2 - 9*r - 5. Let g be i(3). Suppose -g = 2*c + 8*h - 6*h, -3*h - 4 = 4*c. Let j(f) = -4*f + 8. What is j(c)?
0
Let v(f) = -f**3 - 5*f**2 - 5*f. Let h(d) = -5*d + 1. Let y(m) = -5 + 6*m + 0 - 2 + 5. Let u(b) = 4*h(b) + 3*y(b). Let i be u(1). Calculate v(i).
4
Let k(p) = 245*p**2 - 3*p - 4. Let d be k(-1). Let o(u) = 122 - u**3 - u**2 + u - d + 123. Determine o(-3).
16
Let x be -1 + (4 + -5 - -4). Let i(b) = -x - 2 + b - 1 + 6. Let a(c) = -16*c - 21. Let o be a(-1). Calculate i(o).
-4
Let c(l) = -l**3 - 13*l**2 - l - 18. Let m(r) = r**2 + 17*r - 164. Let i be m(-25). Suppose -23 = -a - i. Give c(a).
-5
Let g(s) = s**3 + 4*s**2 - 4*s - 3. Let y be (-3 + -1529*(-2)/4)*2. Suppose 2*h - y = -1533. What is g(h)?
-8
Let a(m) = -3*m**3 + 3*m**2 + 21*m + 7. Let c(r) = -2*r**3 + r**2 + 12*r + 1. Let u(s) = -3*a(s) + 5*c(s). What is u(-4)?
-4
Let w(j) = -40*j**3 - 6*j + 36*j**3 + 6*j**3 + 2 - 4 + 7*j**2. What is w(-4)?
6
Let z(m) be the second derivative of 7*m**4/24 + 2*m**3/3 + 82*m**2 - 144*m. Let w(i) be the first derivative of z(i). Determine w(3).
25
Let j(d) = d**3 - 5*d**2 - 7*d. Suppose 0 = 123*l - 121*l - 806. Let c = -397 + l. Give j(c).
-6
Let d be -2 - -6 - (27/(-9) - -2). Suppose 0 = d*k + 4*m + 16 + 18, m - 34 = 3*k. Let w(h) = -h**3 - 10*h**2 - 10. Give w(k).
-10
Let c(g) = 18*g**2 + 29*g - 58. Let f(a) = -7*a**2 - 15*a + 24. Let n(s) = 2*c(s) + 5*f(s). Determine n(17).
4
Let v(p) = -p**3 - 6*p**2 - 5*p - 5. Let t be v(5). Let k = t + 291. Let m(a) = a**2 + 13*a - 12. Calculate m(